{"id":22,"date":"2024-03-27T14:16:58","date_gmt":"2024-03-27T13:16:58","guid":{"rendered":"https:\/\/blog.dgformacion.com\/?page_id=22"},"modified":"2025-10-31T14:20:38","modified_gmt":"2025-10-31T13:20:38","slug":"nuestros-webinars","status":"publish","type":"page","link":"https:\/\/blog.dgformacion.com\/?page_id=22","title":{"rendered":"Nuestros Webinars"},"content":{"rendered":"\n<p class=\"has-text-align-center\" style=\"font-size:28px\">Suscr\u00edbete YA a los pr\u00f3ximos Webinars pinchando en <a href=\"https:\/\/dgformacion.com\/suscribete-webinar\" target=\"_blank\" rel=\"noreferrer noopener\">este enlace<\/a>.<\/p>\n\n\n\n<hr class=\"wp-block-separator has-alpha-channel-opacity is-style-dots\"\/>\n\n\n\n<p>Aqu\u00ed podr\u00e1s encontrar todos nuestros WEBINARS ordenados cronol\u00f3gicamente desde el m\u00e1s reciente hasta el primero de todos. En WEBINARS anteriores&#8230;<\/p>\n\n\n\n<p class=\"has-text-color has-link-color wp-elements-bb731310d73c296105dd51a399810730\" style=\"color:#6e8a27;font-size:32px\"><strong>Webinar_13: <\/strong><span style=\"font-size:24px\">Convocatoria Estatal 2024. Segundo plazo (2025)<\/span><\/p>\n\n\n\n<p class=\"has-text-color has-link-color wp-elements-6d18bdcc674e93849fef2e2865482d4a\" style=\"color:#6e8a27;font-size:16px\">28 de octubre, 2025<\/p>\n\n\n\n<p>Actual\u00edzate en la Convocatoria Estatal y su Segundo plazo (2025).<\/p>\n\n\n\n<div style=\"position:relative;overflow:hidden;padding-bottom:56.25%\"><iframe loading=\"lazy\" src=\"https:\/\/cdn.jwplayer.com\/players\/QQeK4QVn-of1gWHLD.html\" width=\"70%\" height=\"70%\" frameborder=\"0\" scrolling=\"auto\" title=\"2x09_segundaConvocatoria25.mp4\" style=\"position:absolute;\" allowfullscreen><\/iframe><\/div>\n\n\n\n<p class=\"has-text-color has-link-color wp-elements-297e6a17af65f824a9947da6eca24031\" style=\"color:#6e8a27;font-size:32px\"><strong>Webinar_12: <\/strong><span style=\"font-size:24px\">Manager: Informe de seguimiento y control para la Convocatoria Estatal<\/span><\/p>\n\n\n\n<p class=\"has-text-color has-link-color wp-elements-9e9c1f15e3b282a3a509b23858128198\" style=\"color:#6e8a27;font-size:16px\">28 de mayo, 2025<\/p>\n\n\n\n<p>Nos ponemos al d\u00eda con la Convocatoria Estatal a trav\u00e9s de DGF Manager.<\/p>\n\n\n\n<div style=\"position:relative;overflow:hidden;padding-bottom:56.25%\"><iframe loading=\"lazy\" src=\"https:\/\/cdn.jwplayer.com\/players\/OGVvAi8R-dwQe3mgb.html\" width=\"70%\" height=\"70%\" frameborder=\"0\" scrolling=\"auto\" title=\"manager_2_dgf.mp4\" style=\"position:absolute;\" allowfullscreen><\/iframe><\/div>\n\n\n\n<p class=\"has-text-color has-link-color wp-elements-4bdd32bf41726983718792c9e3993d4d\" style=\"color:#6e8a27;font-size:32px\"><strong>Webinar_11: <\/strong>DGF Manager: Soluci\u00f3n integral de herramientas propias<\/p>\n\n\n\n<p class=\"has-text-color has-link-color wp-elements-ce9a41695a42c50b0ba131ba55cdceaa\" style=\"color:#6e8a27;font-size:16px\">25 de marzo, 2025<\/p>\n\n\n\n<p>Conoce la herramienta DGF que unifica y simplifica procesos.<\/p>\n\n\n\n<div style=\"position:relative;overflow:hidden;padding-bottom:56.25%\"><iframe loading=\"lazy\" src=\"https:\/\/cdn.jwplayer.com\/players\/qnRkyFUR-dwQe3mgb.html\" width=\"70%\" height=\"70%\" frameborder=\"0\" scrolling=\"auto\" title=\"Dgfmanager\" style=\"position:absolute;\" allowfullscreen><\/iframe><\/div>\n\n\n\n<p class=\"has-text-color has-link-color wp-elements-83ffe3205b1645db1e84e6f902bc776d\" style=\"color:#6e8a27;font-size:32px\"><strong>Webinar_10: <\/strong>Convocatoria Estatal 2024 &#8211; \u00daltimas Novedades<\/p>\n\n\n\n<p class=\"has-text-color has-link-color wp-elements-99d78ed43f8db0b404354d77b362853c\" style=\"color:#6e8a27;font-size:16px\">5 de marzo, 2025<\/p>\n\n\n\n<p>Os actualizamos en cuanto a las \u00faltimas novedades de esta convocatoria tan importante.<\/p>\n\n\n\n<div style=\"position:relative;overflow:hidden;padding-bottom:56.25%\"><iframe loading=\"lazy\" src=\"https:\/\/cdn.jwplayer.com\/players\/Nl39RONe-dwQe3mgb.html\" width=\"70%\" height=\"70%\" frameborder=\"0\" scrolling=\"auto\" title=\"Convocatoria Estatal UltimasNov 0206\" style=\"position:absolute;\" allowfullscreen><\/iframe><\/div>\n\n\n\n<p class=\"has-text-color has-link-color wp-elements-91d38b77c03011767b76f776002db4cc\" style=\"color:#6e8a27;font-size:32px\"><strong>Webinar_09: <\/strong>Inspecciones Ocupados 2024<\/p>\n\n\n\n<p class=\"has-text-color has-link-color wp-elements-16278e0a233292f051343d67223e3932\" style=\"color:#6e8a27;font-size:16px\"><strong>3 de diciembre del 2024<\/strong><\/p>\n\n\n\n<p>Inspecciones de seguimiento y control publicados el pasado 18 de noviembre.<\/p>\n\n\n\n<div style=\"position:relative;overflow:hidden;padding-bottom:56.25%\"><iframe loading=\"lazy\" src=\"https:\/\/cdn.jwplayer.com\/players\/TZNS1hNj-dwQe3mgb.html\" width=\"70%\" height=\"70%\" frameborder=\"0\" scrolling=\"auto\" title=\"s02_e05.mp4\" style=\"position:absolute;\" allowfullscreen><\/iframe><\/div>\n\n\n\n<p class=\"has-text-color has-link-color wp-elements-7331dc9a8713eab08bfd26a5405d070d\" style=\"color:#6e8a27;font-size:32px\"><strong>Webinar_08: <\/strong>El Aula Programada en plataforma DGF<\/p>\n\n\n\n<p class=\"has-text-color has-link-color wp-elements-5369749239ef081312b01b2389609794\" style=\"color:#6e8a27;font-size:16px\"><strong>23 de octubre del 2024<\/strong><\/p>\n\n\n\n<p>Ponte al d\u00eda con todos los beneficios que te ofrecemos al tener tu aula programada en la plataforma DGF.<\/p>\n\n\n\n<div style=\"position:relative;overflow:hidden;padding-bottom:56.25%\"><iframe loading=\"lazy\" src=\"https:\/\/cdn.jwplayer.com\/players\/jAorHUER-dwQe3mgb.html\" width=\"70%\" height=\"70%\" frameborder=\"0\" scrolling=\"auto\" title=\"s02e04_aulaProgramadaconDGF.mp4\" style=\"position:absolute;\" allowfullscreen><\/iframe><\/div>\n\n\n\n<p class=\"has-text-color has-link-color wp-elements-77937adf9491c1c43d1b52c657bae8bc\" style=\"color:#6e8a27;font-size:32px\"><strong>Webinar_07: <\/strong>Convocatoria Estatal<\/p>\n\n\n\n<p class=\"has-text-color has-link-color wp-elements-9eea69ffc151d824e79481d5dd599f61\" style=\"color:#6e8a27;font-size:16px\"><strong>19 de septiembre del 2024<\/strong><\/p>\n\n\n\n<p>Te ponemos al d\u00eda en esta important\u00edsima convocatoria nacional.<\/p>\n\n\n\n<div style=\"position:relative;overflow:hidden;padding-bottom:56.25%\"><iframe loading=\"lazy\" src=\"https:\/\/cdn.jwplayer.com\/players\/Y7fbUwUr-dwQe3mgb.html\" width=\"70%\" height=\"70%\" frameborder=\"0\" scrolling=\"auto\" title=\"convocatoriaEstatal_dgformacionWebinar.mp4\" style=\"position:absolute;\" allowfullscreen><\/iframe><\/div>\n\n\n\n<p class=\"has-text-color has-link-color wp-elements-200064ca230df5c93e7d94e783ee45c8\" style=\"color:#6e8a27;font-size:32px\"><strong>Webinar_06: <\/strong>Nuevos proveedores, nuevas soluciones<\/p>\n\n\n\n<p class=\"has-text-color has-link-color wp-elements-fc48026f0cd079dc13065bd2f1a23afe\" style=\"color:#6e8a27;font-size:16px\"><strong>20 de junio del 2024<\/strong><\/p>\n\n\n\n<p>Una colaboraci\u00f3n de Sigga y Conzepto que no puedes perderte.   <\/p>\n\n\n\n<div style=\"position:relative;overflow:hidden;padding-bottom:56.25%\"><iframe loading=\"lazy\" src=\"https:\/\/cdn.jwplayer.com\/players\/ZUgpKvpH-dwQe3mgb.html\" width=\"70%\" height=\"70%\" frameborder=\"0\" scrolling=\"auto\" title=\"webinar2x02_nuevosPRovNuevasSol.mp4\" style=\"position:absolute;\" allowfullscreen><\/iframe><\/div>\n\n\n\n<p class=\"has-text-color has-link-color wp-elements-c58df3e7ddf57c57a22edf88904358f9\" style=\"color:#6e8a27;font-size:32px\"><strong>Webinar_05: <\/strong>Bienvenido al Universo Moodle 4<\/p>\n\n\n\n<p class=\"has-text-color has-link-color wp-elements-2c7b5c020d7fd6e21d61cfbce47afd10\" style=\"color:#6e8a27;font-size:16px\"><strong>25 de abril del 2024<\/strong><\/p>\n\n\n\n<p>Os ponemos al d\u00eda con las nuevas actualizaciones de Moodle, nuestra LMS por excelencia.  <\/p>\n\n\n\n<div style=\"position:relative;overflow:hidden;padding-bottom:56.25%\"><iframe loading=\"lazy\" src=\"https:\/\/cdn.jwplayer.com\/players\/k74LFZir-dwQe3mgb.html\" width=\"70%\" height=\"70%\" frameborder=\"0\" scrolling=\"auto\" title=\"Webinar 25-04-24.mp4\" style=\"position:absolute;\" allowfullscreen><\/iframe><\/div>\n\n\n\n<p class=\"has-text-color has-link-color wp-elements-d99dcf05bb418c26d8477b1cab58822c\" style=\"color:#6e8a27;font-size:32px\"><strong>Webinar_04: Nuestros Servicios<\/strong><\/p>\n\n\n\n<p class=\"has-text-color has-link-color wp-elements-c7d19211d92f82856e6f9fdd2eb5e34d\" style=\"color:#6e8a27;font-size:16px\"><strong>1 de marzo del 2024<\/strong><\/p>\n\n\n\n<p>Hablamos de nuestros servicios y soluciones eLearning para entidades de formaci\u00f3n.  <\/p>\n\n\n\n<div style=\"position:relative;overflow:hidden;padding-bottom:56.25%\"><iframe loading=\"lazy\" src=\"https:\/\/cdn.jwplayer.com\/players\/1ugszbiG-dwQe3mgb.html\" width=\"70%\" height=\"70%\" frameborder=\"0\" scrolling=\"auto\" title=\"Webinar 1-03-24-nuestros servicios.mp4\" style=\"position:absolute;\" allowfullscreen><\/iframe><\/div>\n\n\n\n<p class=\"has-text-color has-link-color wp-elements-5b770d7aa707b4413b63d4d5d36afdbf\" style=\"color:#6e8a27;font-size:28px\"><strong>Webinar_03: Justificaci\u00f3n en teleformaci\u00f3n<\/strong><\/p>\n\n\n\n<p class=\"has-text-color has-link-color wp-elements-ab89a357ebeeeb6d8b4cea345b5adec1\" style=\"color:#6e8a27;font-size:16px\"><strong> 23 de febrero del 2024<\/strong><\/p>\n\n\n\n<p>Hablamos de c\u00f3mo justificar la formaci\u00f3n que impartes.  <\/p>\n\n\n\n<div style=\"position:relative;overflow:hidden;padding-bottom:56.25%\"><iframe loading=\"lazy\" src=\"https:\/\/cdn.jwplayer.com\/players\/srgcNcG2-dwQe3mgb.html\" width=\"70%\" height=\"70%\" frameborder=\"0\" scrolling=\"auto\" title=\"Webinar 23-02-24-justificacion.mp4\" style=\"position:absolute;\" allowfullscreen><\/iframe><\/div>\n\n\n\n<p class=\"has-text-color has-link-color wp-elements-ee7c627fd6ccf72d85344724012a39d6\" style=\"color:#6e8a27;font-size:32px\"><strong>Webinar_02: Contenidos <\/strong><\/p>\n\n\n\n<p class=\"has-text-color has-link-color wp-elements-b318df4069dae9570fe6883e5a244155\" style=\"color:#6e8a27;font-size:16px\"><strong>16 de febrero del 2024<\/strong><\/p>\n\n\n\n<p>Hablamos de los contenidos did\u00e1cticos SCORM y sus exigencias. <\/p>\n\n\n\n<div style=\"position:relative;overflow:hidden;padding-bottom:56.25%\"><iframe loading=\"lazy\" src=\"https:\/\/cdn.jwplayer.com\/players\/TLvfOcRQ-dwQe3mgb.html\" width=\"70%\" height=\"70%\" frameborder=\"0\" scrolling=\"auto\" title=\"Webinar 16-02-24-Contenidos.mp4\" style=\"position:absolute;\" allowfullscreen><\/iframe><\/div>\n\n\n\n<p class=\"has-text-color has-link-color wp-elements-aa82aea815a35e88a5895fe34134eb24\" style=\"color:#6e8a27;font-size:32px\"><strong>Webinar_01<strong>: Moodle<\/strong><\/strong><\/p>\n\n\n\n<p class=\"has-text-color has-link-color wp-elements-08c28c29d83d2f7f2c08ee40b44d159a\" style=\"color:#6e8a27;font-size:16px\"><strong>9 de febrero del 2024<\/strong><\/p>\n\n\n\n<p>Hablamos de la plataforma LMS Moodle: principales funciones y recomendaciones de uso. <\/p>\n\n\n\n<div style=\"position:relative;overflow:hidden;padding-bottom:56.25%\"><iframe loading=\"lazy\" src=\"https:\/\/cdn.jwplayer.com\/players\/evM36qtB-dwQe3mgb.html\" width=\"70%\" height=\"70%\" frameborder=\"0\" scrolling=\"auto\" title=\"Webinar 9-02-24-Moodle.mp4\" style=\"position:absolute;\" allowfullscreen><\/iframe><\/div>\n","protected":false},"excerpt":{"rendered":"<p>Suscr\u00edbete YA a los pr\u00f3ximos Webinars pinchando en este enlace. Aqu\u00ed podr\u00e1s encontrar todos nuestros WEBINARS ordenados cronol\u00f3gicamente desde el m\u00e1s reciente hasta el primero de todos. En WEBINARS anteriores&#8230; Webinar_13: Convocatoria Estatal 2024. Segundo plazo (2025) 28 de octubre, 2025 Actual\u00edzate en la Convocatoria Estatal y su Segundo plazo (2025). Webinar_12: Manager: Informe de &hellip;<\/p>\n","protected":false},"author":2,"featured_media":0,"parent":0,"menu_order":0,"comment_status":"closed","ping_status":"closed","template":"","meta":{"footnotes":""},"jetpack_sharing_enabled":true,"_links":{"self":[{"href":"https:\/\/blog.dgformacion.com\/index.php?rest_route=\/wp\/v2\/pages\/22"}],"collection":[{"href":"https:\/\/blog.dgformacion.com\/index.php?rest_route=\/wp\/v2\/pages"}],"about":[{"href":"https:\/\/blog.dgformacion.com\/index.php?rest_route=\/wp\/v2\/types\/page"}],"author":[{"embeddable":true,"href":"https:\/\/blog.dgformacion.com\/index.php?rest_route=\/wp\/v2\/users\/2"}],"replies":[{"embeddable":true,"href":"https:\/\/blog.dgformacion.com\/index.php?rest_route=%2Fwp%2Fv2%2Fcomments&post=22"}],"version-history":[{"count":43,"href":"https:\/\/blog.dgformacion.com\/index.php?rest_route=\/wp\/v2\/pages\/22\/revisions"}],"predecessor-version":[{"id":1223,"href":"https:\/\/blog.dgformacion.com\/index.php?rest_route=\/wp\/v2\/pages\/22\/revisions\/1223"}],"wp:attachment":[{"href":"https:\/\/blog.dgformacion.com\/index.php?rest_route=%2Fwp%2Fv2%2Fmedia&parent=22"}],"curies":[{"name":"wp","href":"https:\/\/api.w.org\/{rel}","templated":true}]}}